{"id":48,"date":"2015-06-11T14:15:36","date_gmt":"2015-06-11T12:15:36","guid":{"rendered":"http:\/\/ampero.com.pl\/?page_id=48"},"modified":"2023-12-06T09:04:52","modified_gmt":"2023-12-06T08:04:52","slug":"certyfikaty","status":"publish","type":"page","link":"https:\/\/ampero.com.pl\/index.php\/certyfikaty\/","title":{"rendered":"Certyfikaty"},"content":{"rendered":"<div id=\"pl-48\"  class=\"panel-layout\" ><div id=\"pg-48-0\"  class=\"panel-grid panel-no-style\" ><div id=\"pgc-48-0-0\"  class=\"panel-grid-cell\" ><div id=\"panel-48-0-0-0\" class=\"so-panel widget widget_black-studio-tinymce widget_black_studio_tinymce panel-first-child panel-last-child\" data-index=\"0\" ><div class=\"textwidget\"><h3>Aktualnie w firmie obwi\u0105zuje System Zarz\u0105dzania\u00a0Jako\u015bci\u0105 ISO 9001:2015.<\/h3>\n<p>Wdro\u017cenie Systemu Zarz\u0105dzania Jako\u015bci\u0105 ISO, potwierdzi\u0142o s\u0142uszno\u015b\u0107 dotychczas stosowanej dyscypliny w zakresie funkcjonowania firmy i wprowadzi\u0142o nowe elementy kontrolne organizowania dzia\u0142alno\u015bci.<\/p>\n<p>Wybrana grupa wyrob\u00f3w zosta\u0142a poddana testom na wstrz\u0105soodporno\u015b\u0107 w specjalistycznym Laboratorium. Poka\u017ana grupa naszych wyrob\u00f3w posiada \u015aWIADECTWO JAKO\u015aCI ZDROWOTNEJ wydane przez Pa\u0144stwowy Zak\u0142ad Higieny - dopuszczaj\u0105ce do stosowania w przemy\u015ble spo\u017cywczym.<\/p>\n<\/div><\/div><\/div><\/div><div id=\"pg-48-1\"  class=\"panel-grid panel-no-style\" ><div id=\"pgc-48-1-0\"  class=\"panel-grid-cell\" ><div id=\"panel-48-1-0-0\" class=\"so-panel widget widget_text panel-first-child panel-last-child\" data-index=\"1\" >\t\t\t<div class=\"textwidget\"><a href=\"https:\/\/ampero.com.pl\/wp-content\/uploads\/2023\/12\/Ampero-Certyfikat-ISO9001.2015-2023-2026-PL.pdf\"><img loading=\"lazy\" decoding=\"async\" class=\"aligncenter wp-image-53 size-medium\" src=\"http:\/\/ampero.com.pl\/wp-content\/uploads\/2021\/04\/Ampero-Certyfikat-ISO9001.2015-2020-2023-PL-211x300-1.jpg\" alt=\"Ampero-Certyfikat-ISO9001-2008-2015\" width=\"211\" height=\"300\" \/><\/a><\/div>\n\t\t<\/div><\/div><div id=\"pgc-48-1-1\"  class=\"panel-grid-cell panel-grid-cell-mobile-last\" ><div id=\"panel-48-1-1-0\" class=\"so-panel widget widget_text panel-first-child panel-last-child\" data-index=\"2\" >\t\t\t<div class=\"textwidget\"><a href=\"http:\/\/ampero.com.pl\/wp-content\/uploads\/2023\/09\/Ampero-Certyfikat-PZH-2023-2026-PL.pdf\"><img loading=\"lazy\" decoding=\"async\" class=\"aligncenter size-medium wp-image-57\" src=\"http:\/\/ampero.com.pl\/wp-content\/uploads\/2023\/09\/Ampero-Certyfikat-PZH-2023-2026-PL-scaled.jpg\" alt=\"Ampero-Certyfikat-PHZ-2011\" width=\"210\" height=\"300\" \/><\/a><\/div>\n\t\t<\/div><\/div><div id=\"pgc-48-1-2\"  class=\"panel-grid-cell panel-grid-cell-empty\" ><\/div><\/div><\/div>","protected":false},"excerpt":{"rendered":"<p>Aktualnie w firmie obwi\u0105zuje System Zarz\u0105dzania\u00a0Jako\u015bci\u0105 ISO 9001:2015. Wdro\u017cenie Systemu Zarz\u0105dzania Jako\u015bci\u0105 ISO, potwierdzi\u0142o s\u0142uszno\u015b\u0107 dotychczas stosowanej dyscypliny w zakresie funkcjonowania firmy i wprowadzi\u0142o nowe elementy kontrolne organizowania dzia\u0142alno\u015bci. Wybrana grupa wyrob\u00f3w zosta\u0142a poddana testom na wstrz\u0105soodporno\u015b\u0107 w specjalistycznym Laboratorium. Poka\u017ana grupa naszych wyrob\u00f3w posiada \u015aWIADECTWO JAKO\u015aCI ZDROWOTNEJ wydane przez Pa\u0144stwowy Zak\u0142ad Higieny &#8211; dopuszczaj\u0105ce [&hellip;]<\/p>\n","protected":false},"author":3,"featured_media":0,"parent":0,"menu_order":0,"comment_status":"closed","ping_status":"open","template":"","meta":{"footnotes":""},"class_list":["post-48","page","type-page","status-publish","hentry"],"aioseo_notices":[],"_links":{"self":[{"href":"https:\/\/ampero.com.pl\/index.php\/wp-json\/wp\/v2\/pages\/48","targetHints":{"allow":["GET"]}}],"collection":[{"href":"https:\/\/ampero.com.pl\/index.php\/wp-json\/wp\/v2\/pages"}],"about":[{"href":"https:\/\/ampero.com.pl\/index.php\/wp-json\/wp\/v2\/types\/page"}],"author":[{"embeddable":true,"href":"https:\/\/ampero.com.pl\/index.php\/wp-json\/wp\/v2\/users\/3"}],"replies":[{"embeddable":true,"href":"https:\/\/ampero.com.pl\/index.php\/wp-json\/wp\/v2\/comments?post=48"}],"version-history":[{"count":19,"href":"https:\/\/ampero.com.pl\/index.php\/wp-json\/wp\/v2\/pages\/48\/revisions"}],"predecessor-version":[{"id":1318,"href":"https:\/\/ampero.com.pl\/index.php\/wp-json\/wp\/v2\/pages\/48\/revisions\/1318"}],"wp:attachment":[{"href":"https:\/\/ampero.com.pl\/index.php\/wp-json\/wp\/v2\/media?parent=48"}],"curies":[{"name":"wp","href":"https:\/\/api.w.org\/{rel}","templated":true}]}}